s divided by 63?
61
What is the remainder when 1427 is divided by 37?
21
Calculate the remainder when 119 is divided by 31.
26
What is the remainder when 103 is divided by 37?
29
Calculate the remainder when 895 is divided by 181.
171
Calculate the remainder when 5022 is divided by 60.
42
Calculate the remainder when 2040 is divided by 37.
5
What is the remainder when 73 is divided by 23?
4
Calculate the remainder when 1348 is divided by 71.
70
What is the remainder when 196 is divided by 68?
60
What is the remainder when 83 is divided by 11?
6
What is the remainder when 2158 is divided by 36?
34
What is the remainder when 141 is divided by 63?
15
Calculate the remainder when 178 is divided by 61.
56
Calculate the remainder when 181 is divided by 63.
55
Calculate the remainder when 426 is divided by 192.
42
What is the remainder when 60 is divided by 58?
2
What is the remainder when 715 is divided by 183?
166
Calculate the remainder when 6437 is divided by 35.
32
Calculate the remainder when 7435 is divided by 67.
65
What is the remainder when 52 is divided by 29?
23
What is the remainder when 70 is divided by 36?
34
What is the remainder when 459 is divided by 444?
15
What is the remainder when 178 is divided by 12?
10
What is the remainder when 203 is divided by 38?
13
What is the remainder when 418 is divided by 107?
97
What is the remainder when 12094 is divided by 36?
34
Calculate the remainder when 314 is divided by 186.
128
Calculate the remainder when 376 is divided by 94.
0
What is the remainder when 507 is divided by 190?
127
What is the remainder when 4386 is divided by 57?
54
What is the remainder when 207 is divided by 109?
98
Calculate the remainder when 2041 is divided by 73.
70
What is the remainder when 1141 is divided by 378?
7
What is the remainder when 666 is divided by 28?
22
What is the remainder when 568 is divided by 96?
88
Calculate the remainder when 1502 is divided by 32.
30
What is the remainder when 51 is divided by 6?
3
Calculate the remainder when 5551 is divided by 109.
101
Calculate the remainder when 1238 is divided by 151.
30
Calculate the remainder when 674 is divided by 13.
11
Calculate the remainder when 10262 is divided by 311.
310
What is the remainder when 4748 is divided by 14?
2
What is the remainder when 150 is divided by 49?
3
What is the remainder when 169 is divided by 17?
16
Calculate the remainder when 283 is divided by 86.
25
Calculate the remainder when 225 is divided by 46.
41
What is the remainder when 20 is divided by 11?
9
What is the remainder when 129 is divided by 15?
9
Calculate the remainder when 1492 is divided by 388.
328
What is the remainder when 79 is divided by 25?
4
Calculate the remainder when 89 is divided by 50.
39
Calculate the remainder when 276 is divided by 246.
30
What is the remainder when 2508 is divided by 76?
0
Calculate the remainder when 172 is divided by 58.
56
Calculate the remainder when 246 is divided by 124.
122
Calculate the remainder when 773 is divided by 5.
3
Calculate the remainder when 415 is divided by 70.
65
What is the remainder when 795 is divided by 11?
3
Calculate the remainder when 104 is divided by 24.
8
What is the remainder when 774 is divided by 183?
42
What is the remainder when 2723 is divided by 27?
23
Calculate the remainder when 197 is divided by 106.
91
What is the remainder when 5423 is divided by 16?
15
What is the remainder when 98 is divided by 27?
17
What is the remainder when 61 is divided by 9?
7
Calculate the remainder when 248 is divided by 14.
10
Calculate the remainder when 218 is divided by 73.
72
Calculate the remainder when 2421 is divided by 12.
9
What is the remainder when 311 is divided by 46?
35
What is the remainder when 685 is divided by 171?
1
What is the remainder when 827 is divided by 288?
251
Calculate the remainder when 12 is divided by 5.
2
What is the remainder when 38 is divided by 30?
8
Calculate the remainder when 883 is divided by 15.
13
Calculate the remainder when 9635 is divided by 11.
10
Calculate the remainder when 1167 is divided by 130.
127
Calculate the remainder when 183 is divided by 8.
7
What is the remainder when 1731 is divided by 459?
354
What is the remainder when 2320 is divided by 404?
300
What is the remainder when 241 is divided by 232?
9
What is the remainder when 468 is divided by 3?
0
Calculate the remainder when 1524 is divided by 106.
40
Calculate the remainder when 166 is divided by 2.
0
Calculate the remainder when 299 is divided by 76.
71
What is the remainder when 78 is divided by 20?
18
Calculate the remainder when 154 is divided by 18.
10
Calculate the remainder when 241 is divided by 46.
11
What is the remainder when 147 is divided by 5?
2
What is the remainder when 32 is divided by 3?
2
Calculate the remainder when 180 is divided by 13.
11
Calculate the remainder when 297 is divided by 100.
97
Calculate the remainder when 881 is divided by 15.
11
What is the remainder when 603 is divided by 61?
54
Calculate the remainder when 41 is divided by 25.
16
Calculate the remainder when 189 is divided by 29.
15
Calculate the remainder when 138 is divided by 52.
34
What is the remainder when 65 is divided by 18?
11
Calculate the remainder when 52 is divided by 26.
0
What is the remainder when 67 is divided by 27?
13
What is the remainder when 102 is divided by 35?
32
Calculate the remainder when 350 is divided by 10.
0
Calculate the remainder when 53053 is divided by 131.
129
What is the remainder when 195 is divided by 11?
8
What is the remainder when 79 is divided by 57?
22
What is the remainder when 145 is divided by 62?
21
Calculate the remainder when 19 is divided by 5.
4
Calculate the remainder when 328 is divided by 137.
54
Calculate the remainder when 490 is divided by 167.
156
Calculate the remainder when 1678 is divided by 95.
63
What is the remainder when 1630 is divided by 205?
195
Calculate the remainder when 1992 is divided by 35.
32
What is the remainder when 4482 is divided by 5?
2
What is the remainder when 189 is divided by 19?
18
What is the remainder when 434 is divided by 15?
14
What is the remainder when 5932 is divided by 27?
19
What is the remainder when 37 is divided by 13?
11
What is the remainder when 508 is divided by 34?
32
What is the remainder when 75 is divided by 12?
3
Calculate the remainder when 1374 is divided by 43.
41
What is the remainder when 553 is divided by 111?
109
Calculate the remainder when 372 is divided by 75.
72
Calculate the remainder when 762 is divided by 17.
14
What is the remainder when 721 is divided by 27?
19
What is the remainder when 10 is divided by 8?
2
What is the remainder when 2083 is divided by 37?
11
Calculate the remainder when 199 is divided by 61.
16
Calculate the remainder when 683 is divided by 6.
5
What is the remainder when 182 is divided by 143?
39
What is the remainder when 229 is divided by 113?
3
Calculate the remainder when 1166 is divided by 10.
6
Calculate the remainder when 58 is divided by 22.
14
What is the remainder when 217 is divided by 56?
49
What is the remainder when 574 is divided by 131?
50
Calculate the remainder when 43 is divided by 1.
0
What is the remainder when 1217 is divided by 41?
28
What is the remainder when 1207 is divided by 39?
37
Calculate the remainder when 280 is divided by 64.
24
What is the remainder when 1087 is divided by 64?
63
Calculate the remainder when 336 is divided by 46.
14
Calculate the remainder when 617 is divided by 94.
53
What is the remainder when 134 is divided by 133?
1
Calculate the remainder when 157 is divided by 80.
77
Calculate the remainder when 66 is divided by 23.
20
Calculate the remainder when 158 is divided by 32.
30
Calculate the remainder when 219 is divided by 219.
0
What is the remainder when 529 is divided by 38?
35
What is the remainder when 201 is divided by 17?
14
What is the remainder when 768 is divided by 99?
75
Calculate the remainder when 40 is divided by 38.
2
Calculate the remainder when 7075 is divided by 208.
3
Calculate the remainder when 608 is divided by 102.
98
Calculate the remainder when 1744 is divided by 349.
348
Calculate the remainder when 40 is divided by 15.
10
What is the remainder when 55 is divided by 19?
17
Ca